 be k(14). Calculate the remainder when q is divided by (637/a)/((-2)/(-6)).
8
Let p(x) = -43*x + 229. Calculate the remainder when p(4) is divided by 56.
1
Let r = -11 - -12. Let c be ((-468)/(-9))/(1*r/2). Let g = -6 + c. Calculate the remainder when g is divided by 20.
18
Let r = -953 - -963. What is the remainder when 85 is divided by r?
5
Let x(b) be the first derivative of b**4 - 7*b**3/3 + 2*b**2 + b - 55. What is the remainder when 34 is divided by x(2)?
8
What is the remainder when (-3)/(-2)*14248/156 is divided by 2664/38 - 44/418?
67
Let p = -6780 + 9507. What is the remainder when p is divided by 15?
12
Suppose 4*a + 5*w = 546, -186*w = -187*w + 6. Calculate the remainder when 394 is divided by a.
7
Suppose 0 = w - 2*i - 751, 4*w - 757 = 3*w - 4*i. Suppose -w*b + 750*b + 120 = 0. Let d(f) = 3*f - 3. Calculate the remainder when b is divided by d(4).
4
Suppose 5*g + 1435 = -955. Let d = g + 498. What is the remainder when 214 is divided by d?
14
Let d(k) = k**3 - 13*k**2 + k + 11. Suppose -g + 5*g + 300 = 0. Let i = -29 - g. What is the remainder when i is divided by d(13)?
22
Let p = -263 + 265. Suppose 2*y = w - 59, -p*w + 0*y + 3*y + 113 = 0. What is the remainder when 145 is divided by w?
47
Suppose 97*w - 2000 = 92*w. Let q = w - 228. Suppose 169*t - q*t = -135. What is the remainder when 175 is divided by t?
40
Let l = 83 + -77. Let r(c) = 5*c**2 - 3*c + 26. Let x be r(l). Suppose -2*p = 60 - x. What is the remainder when p is divided by 11?
9
Let q(y) = 3029*y**2 + 38*y - 35. Calculate the remainder when q(1) is divided by 37.
35
Suppose -1052 = 22*z - 1602. What is the remainder when 945 is divided by z?
20
Let m(y) = 2*y**2 + 143*y + 1819. What is the remainder when m(-55) is divided by 4/(-6) + (-14)/(-3)?
0
Suppose -3*c - 4*v = -13, 3*v + 12 = -c + 8. Suppose -c*x + 290 = -326. What is the remainder when x is divided by 19?
18
Let b = -169 - -254. Let q = 97 + -94. Suppose -5*k - 70 = -5*p, 8*p - 2*k - 61 = q*p. Calculate the remainder when b is divided by p.
8
Let f(t) = t + 2 + t + 4*t**3 - 3*t**3. Let u = -367448 - -367587. Calculate the remainder when u is divided by f(3).
34
Suppose 2*w = -5*o + 6*w + 568, 4*o = -10*w + 494. Calculate the remainder when 227 is divided by o.
111
Suppose -2*w + 3*r + 1987 = 0, 3998 = 4*w - 156*r + 158*r. Calculate the remainder when w is divided by 10.
8
Let k(o) = -4*o + 11. Let v be k(2). Suppose -3*t = -4*l - 150, -2*l = t + v*l - 31. Calculate the remainder when 221 is divided by t.
37
What is the remainder when 141 is divided by (12/10)/((-3)/(-30) - 1/(-5))?
1
Let x = 267 + -174. Suppose -2*q + x = 1. Suppose -12*r + q = -50. Calculate the remainder when 37 is divided by r.
5
Let g(h) = -5*h - 2. Let u be g(-2). Let f = 12 + u. What is the remainder when 37 is divided by f?
17
Let w = -13 + 52. Let a = -115 + 261. Calculate the remainder when a is divided by w.
29
Suppose 0 = -b, -5*s = 7*b - 5*b - 6035. What is the remainder when s is divided by 132?
19
Let a = -111 - -116. Suppose a*k - y - 84 = y, 0 = -4*k - 3*y + 81. Calculate the remainder when 178 is divided by k.
16
Suppose -5*c + 70 = 2*t + 3, -3*c - 3*t + 33 = 0. Calculate the remainder when 10288 is divided by c.
13
Let j = 14174 + -14146. Calculate the remainder when 1266 is divided by j.
6
Calculate the remainder when 578 is divided by (-59800)/(-240) - (-20)/24.
78
Suppose 0 = -l + 11 + 1. Suppose z = -3*z - 12, 0 = s + 2*z + l. Calculate the remainder when ((3 - 1) + (-11)/2)*s is divided by 12.
9
Let j = -5 + 10. Suppose -3*q = j*w - 120 + 13, -w = 3*q - 19. Let a = 14968 + -14925. What is the remainder when a is divided by w?
21
Suppose 7*i - 6*i = j - 126, -247 = -2*j - 3*i. Calculate the remainder when 932 is divided by j.
57
Let i = 4714 + -4649. What is the remainder when 292 is divided by i?
32
Suppose -3*w = -0*m + 2*m - 348, w = -m + 173. Let c = -1468 - -1527. Calculate the remainder when m is divided by c.
53
Let m = -25659 + 26509. Calculate the remainder when m is divided by 278.
16
Let l = 20331 - 20212. What is the remainder when l is divided by 72?
47
Let n = 28 + -30. Let b(u) = 6*u**2 + u - 2. Let h be b(n). What is the remainder when 9 is divided by (h/(-12))/((-1)/3)?
4
Let w(y) = 6*y**3 + 7*y**2 - 126*y + 1078. What is the remainder when w(8) is divided by 27?
26
Let v(o) = -o**3 + 7*o**2 - 3*o - 3. Let c = -211 - -217. Calculate the remainder when v(c) is divided by 13.
2
Suppose 1225*j + 2*a = 1228*j - 125, -4*a + 137 = 3*j. Calculate the remainder when 2492 is divided by j.
41
Let f(s) = 49*s + 42*s - 105*s - 19 + 35*s. Let w = -22 + 30. What is the remainder when f(w) is divided by 30?
29
Let a be ((-66)/8)/(24/(-128)). Let m(p) = -2*p + a - 29 + 4*p. What is the remainder when 27 is divided by m(-5)?
2
Let d(h) = h**3 - 13*h**2 + 6*h - 49. Suppose 26*f = 34*f - 104. What is the remainder when 150 is divided by d(f)?
5
Suppose 40 + 81 = 5*a + 4*u, 4*a - 98 = -2*u. Suppose a + 19 = 2*l. Suppose -4*j - p - 56 = -275, 5*p + 5 = 0. What is the remainder when j is divided by l?
11
Suppose 14706 = -17*m + 131*m. Calculate the remainder when 769 is divided by m.
124
Suppose 9*m = 44*m - 1645. Calculate the remainder when m is divided by -2 + 8 + (0 - (8 + -4)).
1
Let j = -2107 - -2743. What is the remainder when j is divided by 28?
20
Let m(j) = 2*j - 4. Let i be m(7). Suppose i*l - 77 = 313. What is the remainder when l is divided by 3?
0
Let v = -4904 - -4922. What is the remainder when 1474 is divided by v?
16
Suppose 5*p - 6*q - 21 = -4*q, 0 = -3*p - 3*q. Suppose 0 = -g - 3*l + 15, 4*g + g + p*l = 99. What is the remainder when 62 is divided by g?
20
Suppose -5*j - 4*c = -8*c - 539, 4*j + 3*c - 456 = 0. Let u(q) = q**3 + 10*q**2 - 11*q + 56. Calculate the remainder when j is divided by u(-11).
55
Let c be (-78)/(-18) - 4 - 2288/6. Calculate the remainder when (-41)/205 - c/5 is divided by 39.
37
Suppose 20 = 4*r, 67*l - 71*l + 8840 = 4*r. What is the remainder when l is divided by 13?
8
Suppose 19*u = 52 + 176. What is the remainder when -2 + 4*9/u - -201 is divided by 23?
18
Suppose 375 = 3*p + 72. Let v(h) = -h**2 - 11*h - 2. Let c be (-58)/8 + (-10)/(-40). Calculate the remainder when p is divided by v(c).
23
Let x = 50 + -49. Let q be x + (4 - (8 + -4)). What is the remainder when -1 - -2 - (-4 + (-141)/q) is divided by 37?
35
Let c(w) = w**2 - 21*w + 22. Let k be c(20). Let q be (-6 - -155) + (0 - k). Let d = -80 + q. What is the remainder when d is divided by 23?
21
Let a = 134 - 137. Calculate the remainder when ((a - (-5)/(-10))*-20)/2 is divided by 6.
5
Let v = -2 - -20. Let a(y) = -y**3 + 18*y**2 - 54*y + 5. Calculate the remainder when a(5) is divided by 453/v - (-5)/(-30).
10
Let z(x) = -2*x**3 + 33*x**2 + 35*x - 46. Let u be z(17). Suppose 2*k - u = 4*b, -2 = -b - b. Calculate the remainder when k is divided by 17 - (-1 + 1)*1.
13
Suppose 2*s + 0*a + 14 = -4*a, 11 = -5*s - 2*a. Let i(m) = -192*m**3 + m**2 + m. What is the remainder when i(s) is divided by 39?
36
Suppose -55*j = -g - 51*j + 34, 4*g = 2*j + 94. What is the remainder when 114 is divided by g?
4
Let p = -18942 + 18958. Calculate the remainder when 65 is divided by p.
1
Suppose 0 = -3*u + r + 6782, -11290 = -5*u - 13*r + 12*r. What is the remainder when u is divided by 29?
26
Let a = -8024 + 8139. Let h(s) = -60*s**3 - 2*s - 1. Calculate the remainder when a is divided by h(-1).
54
Let u(p) = -p**2 - 2*p + 88. Suppose 610 + 76 = 4*q + 2*k, 6*q = k + 1033. Calculate the remainder when q is divided by u(0).
84
Suppose 7 = 4*b - 17. Suppose -266 = -28*g + 238. Let q = g - b. Calculate the remainder when 33 is divided by q.
9
Suppose 5*u - 19*q - 5070 = -24*q, q = -2*u + 2024. Calculate the remainder when u is divided by 11.
9
Let g(h) = 9*h + 5. Let x = 341580 + -341525. Calculate the remainder when x is divided by g(5).
5
Suppose 2628 = 7*f - 543. Calculate the remainder when f is divided by 16.
5
Calculate the remainder when (27 - -1) + -2 + 2 is divided by -4 - (-24 - (-7)/1).
2
Suppose 3*h + d - 5*d - 491 = 0, -4*d + 294 = 2*h. Calculate the remainder when 5335 is divided by h.
154
Let j(s) = 2*s**2 + 104*s - 809. What is the remainder when 2936 is divided by j(7)?
12
Let t = 1 + 11. Suppose -4*x + 3*b = -0*b - 55